(10/55 + p/(-22)) composite?
False
Suppose 32 = 4*z + 2*g - 7*g, 0 = 5*z + 4*g - 40. Suppose 60598 = z*d - 35970. Is d a composite number?
False
Suppose 6*a - 81752 = -16*a. Suppose a = 5*s - 5*i + 4*i, -i = 4*s - 2971. Is s prime?
True
Let o(c) = -14*c**3 + 2*c**2 + 13*c + 54. Let q be o(-3). Let a = q - -3730. Is a prime?
False
Let a(r) = -121*r - 7. Suppose -2*z + 3*o = 4 - 1, z + 2*o = -12. Is a(z) prime?
True
Let z(t) = 58*t**3 - 2*t**2 + t - 1. Suppose -7 + 10 = 3*v. Let f be z(v). Suppose 0 = 4*p - f - 128. Is p prime?
False
Suppose -17*q = 46404 - 846883. Is q composite?
False
Let u = -35989 + 68926. Is (10 - 8)*u/6 prime?
True
Suppose 0*f + 4*f = -3*d - 81, -f = d + 21. Let i = 24 + f. Suppose i*o = 2*o + 1652. Is o composite?
True
Let w(v) be the third derivative of v**6/120 + v**5/12 - v**4/4 - v**3/2 - 22*v**2. Let o be w(-6). Is (-10554)/4*(-4)/(-18)*o composite?
False
Is (-24)/14 + 2 - 3178317515/(-1855) a composite number?
True
Suppose -4*b + 8251 = p, 27*b = -3*p + 32*b + 24821. Is p a prime number?
False
Let v(y) = -27 - 33*y**2 - 5*y - y**3 + 0*y + 25*y**2 - 3*y. Is v(-14) a composite number?
True
Let l(k) = 4148*k + 155. Let a = 721 - 718. Is l(a) a prime number?
False
Suppose 0 = 5*k - 3*y - 45, k + 6*y - 7*y = 9. Let h be -1 - -2*(k/6 + 3). Is (12/h)/(9/138) composite?
False
Let s(d) = -1710*d - 3547. Is s(-17) composite?
False
Let w be (1/((-1)/2))/(-2). Let f be (w - (-1 + 0))*(1 - -1). Suppose -f*a + 12*a - 5560 = 0. Is a prime?
False
Suppose -700 - 2198 = 3*u + 2*c, 0 = u - 5*c + 949. Let f = -657 - u. Is f composite?
False
Let m(y) = -y**3 - 7*y**2 - y + 6. Let x(t) = t**2 + t + 1. Let u(h) = -m(h) - 2*x(h). Let f be u(-5). Is (f/(-5))/(21/26355) a prime number?
False
Let h(g) = -g**2 + 17*g - 14. Let r be h(8). Let i = 358 + -358. Suppose -a + i*m = 5*m - r, -a + m + 88 = 0. Is a a prime number?
True
Let g(h) be the third derivative of -2777*h**4/24 - h**3/3 + 133*h**2 - 1. Is g(-3) composite?
False
Suppose 125*i + 89*i - 67798838 = 0. Is i a prime number?
True
Let c(u) be the second derivative of -u**5/20 - 2*u**4/3 - 4*u**3/3 + 4*u**2 + 21*u. Let b = -43 - -28. Is c(b) a composite number?
True
Let s(m) be the third derivative of 49*m**5/60 - m**4/6 - 3*m**3/2 - 6*m**2. Let l(c) be the first derivative of s(c). Is l(1) a composite number?
True
Suppose -t = 12*t - 8216. Let s = t + -1160. Let v = 795 + s. Is v a composite number?
True
Suppose -3*v + 3*n = 42, 2*v = 6*n - 3*n - 31. Let c be -2 - 4/6*573. Is -2 + 11/(v/c) prime?
False
Let s be 2 - (-3 + 11)/(-4). Let r(l) be the second derivative of l**4/2 - 7*l**3/3 + 9*l**2/2 + l + 12. Is r(s) prime?
False
Let t be ((-2 - -7) + -7)/(4/(-14)). Suppose 36*g = t*g + 15283. Is g a composite number?
True
Let s be (-54)/(-10) + 4/(-10). Suppose 0 = 5*j - 2*d - 45645, 3*j + s*d = 2*j + 9102. Is j prime?
True
Is ((-206282)/(-8))/(-6 - 854/(-56) - 9) a composite number?
False
Suppose 10*l = 5*l + n + 276138, -3*l - 2*n + 165701 = 0. Is l a prime number?
True
Suppose 15*x - 98 + 38 = 0. Suppose 0 = k + x*d - 8435, -2*k + d = -6782 - 10052. Is k composite?
False
Let x = 651 - -2101. Let c = x - 531. Is c composite?
False
Is (-1006002387)/(-1273) - 4/38 prime?
True
Suppose -4*z = -0*z + 220. Suppose 0 = -147*o + 228*o + 4617. Let d = z - o. Is d a composite number?
False
Is ((2424 - 0) + 2)*(-62)/(-4) composite?
True
Let b(m) = 125*m**3 + 65*m**2 - 6*m - 7. Let r be b(5). Let z = r + -6400. Is z composite?
True
Suppose 9116885 + 14318916 + 8621179 = 60*q. Is q prime?
True
Let l = 268927 + -156026. Is l a composite number?
False
Let v = 528 - 296. Let z be 0 + (8 - -5 - 13). Suppose z = -4*h + 8, a - 3*h = -a + v. Is a prime?
False
Let r be ((-15)/((-75)/10))/((-4)/(-4)). Suppose -3*a = 2*d + a - 9546, -a = -r*d + 9541. Is d composite?
True
Let p(n) = 8073*n + 202. Is p(19) a composite number?
False
Suppose -3*d - 13*d = -31856. Suppose d = 5*m - 1214. Is m composite?
False
Suppose 3*j + 15*q - 20*q - 444193 = 0, 0 = -2*j - 3*q + 296116. Is j a composite number?
False
Suppose 20*i - 9*i = 501468. Suppose i + 23050 = 2*t. Is t prime?
True
Let c(y) = 157*y + 46471. Is c(0) composite?
False
Suppose 7727 = 8*y - 2505. Suppose -119*t + y = -118*t. Is t a prime number?
True
Let h(y) = 517*y**2 - 37*y - 509. Is h(-14) a prime number?
True
Suppose 28*n = -12*n - 2*n + 4624242. Is n prime?
False
Let y be 76 - 25/(8 + -3). Suppose 52 = -5*k - 128. Let o = k + y. Is o a prime number?
False
Suppose -52747*a + 52769*a - 36388286 = 0. Is a composite?
False
Let u(a) = -a**2 - a + 5. Let n be u(-2). Suppose -2*x - 8 = 0, 2*v + x = n*x + 2362. Is v composite?
True
Suppose -45*s = -44*s - 25895. Is s a composite number?
True
Let w(f) = 3*f + 1. Let a(o) = 192*o - 5. Let g(n) = -a(n) + 3*w(n). Is g(-1) composite?
False
Suppose -55*d + 52*d = -1209. Suppose -4*l = l + 2*g - d, g = 3*l - 233. Is l prime?
True
Suppose -2 = -2*h, 34 = 5*l + 2*h + 12. Suppose -l*z + 94 = -2. Suppose -z*i = -25*i + 649. Is i a composite number?
True
Let w(j) = -7*j + 27. Let f(u) = -29*u + 108. Let y(s) = 4*f(s) - 18*w(s). Let q be y(5). Is 4 + 2 - (q + 6) - -111 composite?
True
Suppose 0*k - 3*k = 0, 4*k + 19854 = -2*i. Let a = i + 18868. Is a a composite number?
False
Suppose 0 = -26*u + 13198 + 142973 + 967055. Is u a prime number?
True
Let n = 2287 - 9319. Let o = -4871 - n. Is o prime?
True
Suppose 0 = -32*s + 92*s - 227460. Is s prime?
False
Let v(w) = -145*w**3 - 40*w**2 + 215*w - 63. Is v(-22) a composite number?
False
Is ((-6 - -4)*320655/6)/(2/(-2)) a prime number?
False
Let h = 64680 - 20719. Is h a prime number?
True
Let l(x) = -x - 9. Let g be l(-11). Suppose 3660 = 5*s + g*r + 543, 0 = s - 4*r - 619. Suppose 823 + s = 2*m. Is m a composite number?
True
Let n be (12 + 0)*(-76)/(-6). Let d be 45/15 + -1 + 268. Suppose -n = -2*a + d. Is a prime?
True
Let p(j) = -103*j + 55. Let d(t) be the second derivative of 7*t**3/6 + 39*t**2 + 26*t. Let h be d(-12). Is p(h) a composite number?
False
Let x = 102862 - -64519. Is x prime?
True
Let f(x) = -405*x - 31 - 400*x + 779*x. Let r(y) = 10*y + 1. Let p be r(-1). Is f(p) composite?
True
Suppose -5*o + 51 = -2*o + 3*s, -4*s = 3*o - 53. Let j = o - 7. Let n(w) = 41*w - 17. Is n(j) composite?
False
Let s = 11 - 20. Let x(y) = 2 + 9*y + 10*y**2 - 4 + 10 + 0. Is x(s) a prime number?
False
Suppose 4 = 12*m - 11*m. Let s be (2 + m/(-8))/((-3)/2). Is (0 - s)/(3/633) a prime number?
True
Suppose -q + 8 = 4*j, 0*q = 2*q + 2*j - 4. Suppose -l + 4*l + l = q. Suppose -h + 3*k = -0*k - 125, -2*h - 5*k + 228 = l. Is h a prime number?
False
Let p be (-28)/3 - 23/(-69). Let w be 80/(-16) - (1 + p). Suppose -w*b = -d - 0*d - 4416, 3*d + 5893 = 4*b. Is b a composite number?
False
Let v be (3 + -2)*-258*-24. Suppose -5*m = -9723 - v. Suppose -5*h - m + 7958 = 0. Is h a prime number?
False
Let b = 37 + -32. Let s = b + -5. Suppose s = -4*j - 16, h - 5*j = -2*h + 665. Is h prime?
False
Let o = -77649 + 387272. Is o a composite number?
False
Suppose -35*d + 212535 = -14743910. Is d a prime number?
True
Suppose 3*w = -9*i + 14*i - 9, 12 = 4*i. Let t(n) = -n**3 - n**2 - n + 2392. Let g be t(0). Suppose w*v = 10*v - g. Is v a composite number?
True
Let y(q) = q**3 - q**2 - 42*q + 49057. Is y(0) composite?
False
Let p(d) = 167*d - 49. Let f be p(24). Suppose 0 = -2*r - 1081 + f. Is r a prime number?
True
Suppose -68*u - 128256 = -60*u. Let w = u - -22589. Is w composite?
True
Let p = 62845 + -39044. Is p prime?
True
Let b be ((-300)/8)/(-15) + (-2)/(-4). Suppose -3*a = -2*w + 3495 + 5335, -b*a = -12. Is w a prime number?
True
Let b be (26 - 18)*(71 - -2). Is (-117)/(-52)*b/6 a prime number?
False
Let k(x) = 145010*x - 541. Is k(3) a prime number?
False
Let k be 1 + 2 + (-23)/1*-1. Is (-4)/k - (-311154)/78 a prime number?
True
Let y(r) = 2*r + 51. Let a be (-69)/6*-1*10/(-5). Let s be y(a). Suppose 0*b + 645 = s*b. Is b a prime number?
False
Let m be (124/93)/((-4)/18690). Let u = m + 26599. Is u prime?
True
Is 6/20 - (42828513/210)/(-59) a prime number?
True
Let x(o) = 4*o**2 + 3*o - 11. Let a be x(-10). Suppose -d + 254 = -a. Is d a composite number?
False
Let h be (-1189)/3 - (-6)/18. Let d = h - -41. Let s = d - -2406. Is s prime?
False
Let u(v) = -v - 10. Let f be u(-10). Suppose f*r = 3